ber?
False
Is 300647 a composite number?
False
Is 307 composite?
False
Is 11617 prime?
True
Is 139259 a composite number?
True
Is 10417 composite?
True
Is 12289 prime?
True
Is 98997 prime?
False
Is 33295 composite?
True
Is 33365 a prime number?
False
Is 148159 a composite number?
True
Is 86251 a prime number?
False
Is 337499 composite?
True
Is 81509 composite?
False
Is 20851 a composite number?
True
Is 30407 a prime number?
False
Is 3359 prime?
True
Is 189541 a composite number?
True
Is 46133 composite?
False
Is 80293 composite?
True
Is 5981 composite?
False
Is 473801 composite?
True
Is 40889 prime?
False
Is 905813 a prime number?
False
Is 719449 a composite number?
True
Is 1530587 composite?
True
Is 4141 prime?
False
Is 380417 a composite number?
False
Is 89791 composite?
True
Is 1195333 composite?
True
Is 230411 a prime number?
False
Is 31951 prime?
False
Is 7727 composite?
False
Is 2749 composite?
False
Is 290305 a composite number?
True
Is 47 prime?
True
Is 7619 a prime number?
False
Is 60719 a prime number?
True
Is 306653 a composite number?
False
Is 6709 a composite number?
False
Is 38473 prime?
False
Is 109381 a prime number?
False
Is 435991 a composite number?
True
Is 227737 a composite number?
True
Is 214627 composite?
True
Is 22535 a prime number?
False
Is 76667 a composite number?
False
Is 150863 prime?
False
Is 3593 a composite number?
False
Is 23719 a composite number?
False
Is 9155 a composite number?
True
Is 70039 composite?
False
Is 29981 a prime number?
False
Is 1191157 a composite number?
True
Is 55381 a prime number?
True
Is 69439 composite?
False
Is 406381 composite?
False
Is 82171 a composite number?
False
Is 221807 composite?
False
Is 6779 a prime number?
True
Is 708161 prime?
True
Is 127229 a prime number?
False
Is 486221 a composite number?
False
Is 1315 a composite number?
True
Is 3359 composite?
False
Is 353 prime?
True
Is 84551 a prime number?
True
Is 2741 a composite number?
False
Is 44071 composite?
False
Is 376351 prime?
True
Is 5259 a composite number?
True
Is 77543 composite?
False
Is 1637 composite?
False
Is 191 composite?
False
Is 33247 a prime number?
True
Is 435481 a composite number?
False
Is 86509 a prime number?
True
Is 322643 composite?
True
Is 382117 composite?
False
Is 117389 composite?
False
Is 983933 composite?
True
Is 37907 composite?
False
Is 7694 composite?
True
Is 103409 a composite number?
False
Is 148661 prime?
False
Is 54241 prime?
False
Is 23117 a prime number?
True
Is 116891 composite?
True
Is 467 a composite number?
False
Is 655555 a prime number?
False
Is 30791 a composite number?
True
Is 5129 a prime number?
False
Is 561749 prime?
False
Is 974489 a prime number?
True
Is 125555 composite?
True
Is 4199089 a composite number?
True
Is 247019 prime?
False
Is 10231 prime?
False
Is 7283 a composite number?
False
Is 676523 prime?
True
Is 130099 composite?
False
Is 60469 a composite number?
True
Is 2557 composite?
False
Is 6779 a prime number?
True
Is 115457 prime?
False
Is 203201 prime?
False
Is 63241 prime?
True
Is 93103 a composite number?
False
Is 16294 a composite number?
True
Is 515291 prime?
False
Is 70289 a composite number?
False
Is 15571 prime?
False
Is 38809 a composite number?
True
Is 1513 composite?
True
Is 6683 a composite number?
True
Is 332015 a prime number?
False
Is 3589 prime?
False
Is 5749 a composite number?
False
Is 2019383 prime?
False
Is 331 a composite number?
False
Is 236339 composite?
False
Is 270397 a composite number?
True
Is 361619 composite?
True
Is 286319 a prime number?
False
Is 280886 composite?
True
Is 52909 composite?
True
Is 386083 composite?
False
Is 26137 a prime number?
False
Is 5737 a composite number?
False
Is 76031 prime?
True
Is 31937 a prime number?
False
Is 3221 prime?
True
Is 3949 prime?
False
Is 14813 a prime number?
True
Is 74759 composite?
False
Is 679 prime?
False
Is 1703 a prime number?
False
Is 7859 a composite number?
True
Is 98999 a prime number?
True
Is 173599 prime?
True
Is 19603 a prime number?
True
Is 201653 composite?
False
Is 5747 composite?
True
Is 296291 composite?
True
Is 2153 a composite number?
False
Is 6835 a prime number?
False
Is 264221 a prime number?
True
Is 145019 a composite number?
True
Is 126709 prime?
False
Is 286355 prime?
False
Is 477739 a composite number?
False
Is 408533 prime?
True
Is 299 composite?
True
Is 70049 composite?
True
Is 76339 a composite number?
True
Is 2177 prime?
False
Is 2994469 a composite number?
False
Is 6211 prime?
True
Is 2569 composite?
True
Is 84397 a prime number?
False
Is 5269 composite?
True
Is 267373 a prime number?
True
Is 82601 a prime number?
True
Is 52849 a prime number?
False
Is 417499 a prime number?
False
Is 35579 a composite number?
True
Is 991 prime?
True
Is 249 a prime number?
False
Is 299389 a composite number?
False
Is 88915 composite?
True
Is 40319 a prime number?
False
Is 141533 composite?
True
Is 161281 prime?
True
Is 1361 a prime number?
True
Is 28361 composite?
True
Is 29221 a composite number?
False
Is 11855 a composite number?
True
Is 4822 prime?
False
Is 7621 composite?
False
Is 4321 a composite number?
True
Is 2473 composite?
False
Is 365731 a prime number?
False
Is 4547 a composite number?
False
Is 192469 a prime number?
False
Is 5223895 a prime number?
False
Is 3593 composite?
False
Is 46951 a prime number?
False
Is 19174 prime?
False
Is 125129 composite?
True
Is 28903 a prime number?
False
Is 104519 composite?
True
Is 34994 composite?
True
Is 847871 prime?
True
Is 226511 a prime number?
True
Is 291437 a prime number?
True
Is 707 composite?
True
Is 62297 a prime number?
True
Is 1318139 prime?
True
Is 8143 a prime number?
False
Is 32698 a composite number?
True
Is 31029 composite?
True
Is 302189 composite?
False
Is 8154329 a composite number?
False
Is 182953 a composite number?
False
Is 24953 composite?
False
Is 1133 prime?
False
Is 907 composite?
False
Is 1998121 prime?
False
Is 481297 composite?
False
Is 17803 a composite number?
True
Is 126409 prime?
False
Is 283553 a composite number?
False
Is 14923 composite?
False
Is 865457 prime?
True
Is 22229 a composite number?
False
Is 65573 composite?
True
Is 404179 composite?
True
Is 36103 prime?
False
Is 4747 a prime number?
False
Is 217169 prime?
True
Is 1801 a prime number?
True
Is 72493 a composite number?
False
Is 1115363 prime?
True
Is 5461 prime?
False
Is 70937 prime?
True
Is 3845 a prime number?
False
Is 1232527 a composite number?
False
Is 4835 prime?
False
Is 82601 a composite number?
False
Is 126833 composite?
True
Is 145703 composite?
False
Is 122659 a composite number?
True
Is 44399 prime?
False
Is 17939 a prime number?
True
Is 12893 a prime number?
True
Is 182663 prime?
False
Is 85886 a prime number?
False
Is 69283 a prime number?
False
Is 56111 composite?
True
Is 107563 composite?
False
Is 19063 a composite number?
True
Is 17617 a composite number?
True
Is 769 prime?
True
Is 3521 prime?
False
Is 44686 a prime number?
False
Is 32561 prime?
True
Is 56789 a composite number?
True
Is 161197 prime?
False
Is 40739 composite?
False
Is 83618 prime?
False
Is 1043 composite?
True
Is 57457 a prime number?
True
Is 31817 a composite number?
False
Is 4987 a prime number?
True
Is 7327 composite?
True
Is 2560673 prime?
False
Is 3601 a composite number?
True
Is 10369 a composite number?
False
Is 222247 prime?
True
Is 3261003 prime?
False
Is 2006549 composite?
False
Is 841237 a prime number?
True
Is 432019 composite?
True
Is 679011 a prime number?
False
Is 30307 prime?
True
Is 1272617 a composite number?
False
Is 3389 a composite number?
False
Is 311 a composite number?
False
Is 138917 a prime number?
True
Is 3389 prime?
True
Is 29509 composite?
True
Is 52907 composite?
True
Is 66329 a composite number?
True
Is 10181 a prime number?
True
Is 9813 a prime number?
False
Is 11777 a prime number?
True
Is 19441 a prime number?
True
Is 117659 prime?
True
Is 1909 prime?
False
Is 382 prime?
False
Is 2521 a prime number?
True
Is 22937 a composite number?
False
Is 329486 a composite number?
True
Is 667 a prime number?
False
Is 353593 prime?
False
Is 343861 a prime number?
False
Is 40879 composite?
False
Is 4609 a composite number?
True
Is 42259 a composite number?
True
Is 439 a composite number?
False
Is 215069 a composite number?
Tru